{"id":96,"date":"2022-07-09T20:52:21","date_gmt":"2022-07-09T20:52:21","guid":{"rendered":"http:\/\/haio.adb.cl\/home\/?page_id=96"},"modified":"2022-08-17T03:01:03","modified_gmt":"2022-08-17T03:01:03","slug":"haio-y-su-potencial","status":"publish","type":"page","link":"http:\/\/haio.adb.cl\/home\/?page_id=96","title":{"rendered":"HAIO y su Potencial"},"content":{"rendered":"\n<p><font style=\"vertical-align: inherit;\"><font style=\"vertical-align: inherit;\">Los Haio, son estructuras con tecnolog\u00eda de punta, pueden ser completamente aut\u00f3nomos o conectarse a la red el\u00e9ctrica y sanitaria, por lo tanto pueden instalarse. <\/font><font style=\"vertical-align: inherit;\">camino a la monta\u00f1a, a orillas de un rio o lago, <\/font><\/font>hasta<font style=\"vertical-align: inherit;\"><font style=\"vertical-align: inherit;\"> un terreno costero. Adem\u00e1s la renta puede ser diaria, semanal, mensual o anual, pueden ser rentados para la miner\u00eda, la seguridad privada, etc. Solo se necesita un terreno, el cual es gestionado por ADB, seg\u00fan el perfil de riesgo que el cliente busca y los ingresos que busca percibir.<\/font><\/font><\/p>\n\n\n\n<figure class=\"wp-block-image size-large\"><img loading=\"lazy\" decoding=\"async\" width=\"1024\" height=\"555\" src=\"http:\/\/haio.adb.cl\/home\/wp-content\/uploads\/2022\/07\/Screenshot_20220709-164803_Google-1024x555.jpg\" alt=\"\" class=\"wp-image-97\" srcset=\"http:\/\/haio.adb.cl\/home\/wp-content\/uploads\/2022\/07\/Screenshot_20220709-164803_Google-1024x555.jpg 1024w, http:\/\/haio.adb.cl\/home\/wp-content\/uploads\/2022\/07\/Screenshot_20220709-164803_Google-300x163.jpg 300w, http:\/\/haio.adb.cl\/home\/wp-content\/uploads\/2022\/07\/Screenshot_20220709-164803_Google-768x416.jpg 768w, http:\/\/haio.adb.cl\/home\/wp-content\/uploads\/2022\/07\/Screenshot_20220709-164803_Google.jpg 1080w\" sizes=\"auto, (max-width: 1024px) 100vw, 1024px\" \/><\/figure>\n","protected":false},"excerpt":{"rendered":"<p>Los Haio, son estructuras con tecnolog\u00eda de punta, pueden ser completamente aut\u00f3nomos o conectarse a la red el\u00e9ctrica y sanitaria, por lo tanto pueden instalarse. camino a la monta\u00f1a, a orillas de un rio o lago, hasta un terreno costero. Adem\u00e1s la renta puede ser diaria, semanal, mensual o anual, [&hellip;]<\/p>\n","protected":false},"author":1,"featured_media":0,"parent":0,"menu_order":0,"comment_status":"closed","ping_status":"closed","template":"","meta":{"footnotes":""},"class_list":["post-96","page","type-page","status-publish","hentry"],"_links":{"self":[{"href":"http:\/\/haio.adb.cl\/home\/index.php?rest_route=\/wp\/v2\/pages\/96","targetHints":{"allow":["GET"]}}],"collection":[{"href":"http:\/\/haio.adb.cl\/home\/index.php?rest_route=\/wp\/v2\/pages"}],"about":[{"href":"http:\/\/haio.adb.cl\/home\/index.php?rest_route=\/wp\/v2\/types\/page"}],"author":[{"embeddable":true,"href":"http:\/\/haio.adb.cl\/home\/index.php?rest_route=\/wp\/v2\/users\/1"}],"replies":[{"embeddable":true,"href":"http:\/\/haio.adb.cl\/home\/index.php?rest_route=%2Fwp%2Fv2%2Fcomments&post=96"}],"version-history":[{"count":2,"href":"http:\/\/haio.adb.cl\/home\/index.php?rest_route=\/wp\/v2\/pages\/96\/revisions"}],"predecessor-version":[{"id":155,"href":"http:\/\/haio.adb.cl\/home\/index.php?rest_route=\/wp\/v2\/pages\/96\/revisions\/155"}],"wp:attachment":[{"href":"http:\/\/haio.adb.cl\/home\/index.php?rest_route=%2Fwp%2Fv2%2Fmedia&parent=96"}],"curies":[{"name":"wp","href":"https:\/\/api.w.org\/{rel}","templated":true}]}}